5
What is the hundreds digit of 2284029?
0
What is the units digit of 426902?
2
What is the thousands digit of 42559?
2
What is the tens digit of 144988?
8
What is the hundred thousands digit of 4688615?
6
What is the hundreds digit of 3634627?
6
What is the tens digit of 2718288?
8
What is the units digit of 2446770?
0
What is the tens digit of 647994?
9
What is the ten thousands digit of 13920202?
2
What is the thousands digit of 1001734?
1
What is the thousands digit of 10357865?
7
What is the hundred thousands digit of 13317517?
3
What is the ten thousands digit of 139276?
3
What is the hundreds digit of 277868?
8
What is the tens digit of 803032?
3
What is the thousands digit of 140166?
0
What is the hundreds digit of 20876?
8
What is the tens digit of 773343?
4
What is the ten thousands digit of 8992106?
9
What is the hundreds digit of 975508?
5
What is the ten thousands digit of 568238?
6
What is the hundreds digit of 106139?
1
What is the millions digit of 5793331?
5
What is the thousands digit of 39988?
9
What is the units digit of 4660517?
7
What is the thousands digit of 415144?
5
What is the units digit of 196074?
4
What is the ten thousands digit of 138885?
3
What is the hundred thousands digit of 223710?
2
What is the thousands digit of 174347?
4
What is the thousands digit of 1053537?
3
What is the hundreds digit of 1014678?
6
What is the hundreds digit of 674256?
2
What is the units digit of 274982?
2
What is the thousands digit of 41071?
1
What is the hundreds digit of 781299?
2
What is the millions digit of 2140954?
2
What is the thousands digit of 2145470?
5
What is the ten thousands digit of 2717384?
1
What is the tens digit of 2718284?
8
What is the thousands digit of 4795499?
5
What is the millions digit of 24903373?
4
What is the ten thousands digit of 597604?
9
What is the ten thousands digit of 208013?
0
What is the units digit of 167216?
6
What is the tens digit of 1942667?
6
What is the millions digit of 2586841?
2
What is the hundreds digit of 1646159?
1
What is the thousands digit of 6166359?
6
What is the ten thousands digit of 159473?
5
What is the ten thousands digit of 398930?
9
What is the hundred thousands digit of 7424917?
4
What is the hundreds digit of 1524125?
1
What is the ten thousands digit of 745207?
4
What is the units digit of 9004078?
8
What is the ten millions digit of 25047701?
2
What is the units digit of 8923421?
1
What is the thousands digit of 203281?
3
What is the millions digit of 1277621?
1
What is the ten thousands digit of 252078?
5
What is the millions digit of 14764509?
4
What is the ten thousands digit of 706277?
0
What is the tens digit of 988428?
2
What is the thousands digit of 369614?
9
What is the units digit of 3408730?
0
What is the thousands digit of 307988?
7
What is the units digit of 1984298?
8
What is the thousands digit of 6282100?
2
What is the ten thousands digit of 1557803?
5
What is the hundreds digit of 1356839?
8
What is the thousands digit of 2061517?
1
What is the tens digit of 581853?
5
What is the ten thousands digit of 5666947?
6
What is the ten thousands digit of 9042628?
4
What is the hundreds digit of 3166274?
2
What is the ten thousands digit of 15232?
1
What is the ten thousands digit of 224083?
2
What is the tens digit of 9473870?
7
What is the ten thousands digit of 1095616?
9
What is the hundred thousands digit of 2797486?
7
What is the thousands digit of 267338?
7
What is the hundreds digit of 143209?
2
What is the units digit of 21813253?
3
What is the hundred thousands digit of 3921419?
9
What is the ten thousands digit of 1817703?
1
What is the units digit of 547248?
8
What is the thousands digit of 6734715?
4
What is the hundreds digit of 23003625?
6
What is the ten thousands digit of 1022685?
2
What is the tens digit of 239377?
7
What is the ten millions digit of 30582648?
3
What is the hundreds digit of 2986559?
5
What is the hundred thousands digit of 13203897?
2
What is the ten thousands digit of 189714?
8
What is the units digit of 1498214?
4
What is the millions digit of 20111125?
0
What is the units digit of 1528?
8
What is the ten thousands digit of 2168835?
6
What is the thousands digit of 87448?
7
What is the units digit of 245740?
0
What is the tens digit of 1578548?
4
What is the hundreds digit of 121880?
8
What is the thousands digit of 518530?
8
What is the ten thousands digit of 5754587?
5
What is the units digit of 61678?
8
What is the hundred thousands digit of 1221986?
2
What is the hundreds digit of 132276?
2
What is the hundreds digit of 7138751?
7
What is the hundreds digit of 470184?
1
What is the units digit of 5903771?
1
What is the tens digit of 122508?
0
What is the units digit of 741424?
4
What is the hundreds digit of 9930640?
6
What is the units digit of 1906830?
0
What is the ten thousands digit of 31092?
3
What is the tens digit of 725370?
7
What is the hundreds digit of 7319358?
3
What is the ten millions digit of 32251645?
3
What is the hundred thousands digit of 7498892?
4
What is the millions digit of 4512614?
4
What is the hundreds digit of 576391?
3
What is the units digit of 11681?
1
What is the millions digit of 7930705?
7
What is the units digit of 23319730?
0
What is the hundreds digit of 473636?
6
What is the millions digit of 31175637?
1
What is the ten thousands digit of 362416?
6
What is the thousands digit of 98834?
8
What is the hundreds digit of 268751?
7
What is the hundred thousands digit of 382247?
3
What is the hundred thousands digit of 28828656?
8
What is the hundreds digit of 34056415?
4
What is the hundred thousands digit of 3465555?
4
What is the tens digit of 174177?
7
What is the tens digit of 2065312?
1
What is the ten thousands digit of 805009?
0
What is the ten thousands digit of 2458678?
5
What is the ten thousands digit of 80212?
8
What is the ten thousands digit of 248328?
4
What is the units digit of 118837?
7
What is the units digit of 164006?
6
What is the tens digit of 22485006?
0
What is the tens digit of 51528?
2
What is the tens digit of 559708?
0
What is the hundred thousands digit of 419275?
4
What is the ten millions digit of 21041530?
2
What is the hundred thousands digit of 2217503?
2
What is the thousands digit of 168277?
8
What is the tens digit of 207961?
6
What is the millions digit of 5719125?
5
What is the hundreds digit of 18685361?
3
What is the thousands digit of 22058845?
8
What is the ten thousands digit of 222609?
2
What is the units digit of 14270482?
2
What is the tens digit of 18360?
6
What is the hundred thousands digit of 4088891?
0
What is the ten millions digit of 24540516?
2
What is the hundreds digit of 584125?
1
What is the hundred thousands digit of 201684?
2
What is the hundred thousands digit of 183832?
1
What is the units digit of 1312679?
9
What is the thousands digit of 19291234?
1
What is the tens digit of 726616?
1
What is the units digit of 27552219?
9
What is the millions digit of 3740356?
3
What is the thousands digit of 698408?
8
What is the ten thousands digit of 192169?
9
What is the ten thousands digit of 117150?
1
What is the units digit of 385432?
2
What is the hundreds digit of 26603700?
7
What is the units digit of 40683?
3
What is the millions digit of 11915724?
1
What is the hundreds digit of 201038?
0
What is the hundred thousands digit of 150888?
1
What is the units digit of 8092917?
7
What is the units digit of 188903?
3
What is the millions digit of 1469707?
1
What is the units digit of 672600?
0
What is the ten thousands digit of 8756434?
5
What is the thousands digit of 4250007?
0
What is the hundreds digit of 1678120?
1
What is the millions digit of 1449666?
1
What is the hundred thousands digit of 5115966?
1
What is the tens digit of 2684117?
1
What is the hundred thousands digit of 12845402?
8
What is the hundreds digit of 705539?
5
What is the millions digit of 1484246?
1
What is the hundreds digit of 65304?
3
What is the tens digit of 1444118?
1
What is the thousands digit of 3395869?
5
What is the ten thousands digit of 45768?
4
What is the hundred thousands digit of 33500768?
5
What is the millions digit of 26303813?
6
What is the hundreds digit of 1376666?
6
What is the tens digit of 9424157?
5
What is the hundr